619582.
2, 3, 7, 97, 643
List the prime factors of 43165.
5, 89, 97
What are the prime factors of 13105752?
2, 3, 11, 4513
List the prime factors of 966905.
5, 193381
What are the prime factors of 1108491?
3, 151, 2447
List the prime factors of 512401.
29, 17669
What are the prime factors of 1333598?
2, 7, 95257
What are the prime factors of 266769?
3, 29641
What are the prime factors of 345490?
2, 5, 34549
List the prime factors of 213249.
3, 31, 2293
List the prime factors of 163344.
2, 3, 41, 83
What are the prime factors of 32224731?
3, 7, 11, 139501
List the prime factors of 739602.
2, 3, 17, 2417
What are the prime factors of 11120211?
3, 191, 6469
List the prime factors of 42564.
2, 3, 3547
List the prime factors of 1225028.
2, 7, 67, 653
What are the prime factors of 118519?
23, 5153
What are the prime factors of 5665098?
2, 3, 47, 20089
What are the prime factors of 905761?
905761
List the prime factors of 3487784.
2, 435973
What are the prime factors of 4407008?
2, 41, 3359
What are the prime factors of 2431037?
7, 49613
What are the prime factors of 1764596?
2, 103, 4283
List the prime factors of 3747152.
2, 234197
List the prime factors of 1760817.
3, 586939
What are the prime factors of 1133868?
2, 3, 61, 1549
List the prime factors of 2801535.
3, 5, 11, 16979
List the prime factors of 6737519.
53, 127123
What are the prime factors of 431524?
2, 107881
What are the prime factors of 259352?
2, 17, 1907
What are the prime factors of 392849?
392849
List the prime factors of 10518790.
2, 5, 1051879
List the prime factors of 473958.
2, 3, 67, 131
What are the prime factors of 427384?
2, 41, 1303
What are the prime factors of 5027657?
5027657
List the prime factors of 865111.
13, 5119
List the prime factors of 1239753.
3, 413251
What are the prime factors of 11728163?
107, 109609
What are the prime factors of 41634?
2, 3, 257
List the prime factors of 12071528.
2, 7, 215563
List the prime factors of 11688864.
2, 3, 11, 11069
What are the prime factors of 1409620?
2, 5, 70481
List the prime factors of 2298558.
2, 3, 101, 3793
List the prime factors of 327699.
3, 53, 229
What are the prime factors of 29119528?
2, 3639941
List the prime factors of 13210810.
2, 5, 73, 18097
List the prime factors of 2274530.
2, 5, 227453
What are the prime factors of 5594877?
3, 193, 3221
List the prime factors of 195919.
195919
List the prime factors of 4055511.
3, 1351837
What are the prime factors of 1007696?
2, 62981
What are the prime factors of 1766988?
2, 3, 16361
List the prime factors of 11006136.
2, 3, 71, 2153
What are the prime factors of 456512?
2, 7, 1019
What are the prime factors of 20989131?
3, 6996377
What are the prime factors of 24259659?
3, 41, 197233
What are the prime factors of 9580249?
7, 821, 1667
List the prime factors of 1373087.
1373087
What are the prime factors of 125937?
3, 7, 1999
What are the prime factors of 926812?
2, 263, 881
What are the prime factors of 8322098?
2, 41, 101489
List the prime factors of 310500.
2, 3, 5, 23
List the prime factors of 10131882.
2, 3, 383, 4409
List the prime factors of 208619.
229, 911
What are the prime factors of 22584213?
3, 31, 61, 1327
List the prime factors of 8101675.
5, 324067
List the prime factors of 17852551.
17852551
List the prime factors of 490272.
2, 3, 5107
List the prime factors of 171114.
2, 3, 19, 79
List the prime factors of 2089676.
2, 293, 1783
List the prime factors of 6288065.
5, 7, 179659
List the prime factors of 213023.
213023
List the prime factors of 375821.
61, 101
List the prime factors of 256712.
2, 32089
What are the prime factors of 5064044?
2, 53, 23887
What are the prime factors of 605898?
2, 3, 41, 821
List the prime factors of 19440079.
401, 48479
List the prime factors of 294859.
294859
What are the prime factors of 1880151?
3, 7, 13, 71, 97
What are the prime factors of 6087689?
73, 89, 937
List the prime factors of 5177532.
2, 3, 163, 2647
What are the prime factors of 34716?
2, 3, 11, 263
List the prime factors of 39193.
7, 11, 509
What are the prime factors of 2072094?
2, 3, 281, 1229
List the prime factors of 3337127.
61, 227, 241
What are the prime factors of 4803271?
11, 353, 1237
What are the prime factors of 327351?
3, 19, 5743
List the prime factors of 3236538.
2, 3, 37, 61, 239
List the prime factors of 112232.
2, 14029
What are the prime factors of 143471?
53, 2707
List the prime factors of 507342.
2, 3, 11, 7687
List the prime factors of 723345.
3, 5, 7, 83
List the prime factors of 947895.
3, 5, 13, 4861
What are the prime factors of 18617?
18617
What are the prime factors of 3889?
3889
List the prime factors of 242718.
2, 3, 7, 5779
What are the prime factors of 1647209?
47, 101, 347
What are the prime factors of 9612539?
9612539
List the prime factors of 11177221.
11, 1016111
List the prime factors of 7064036.
2, 7, 23, 1567
List the prime factors of 2274272.
2, 7, 11, 13, 71
What are the prime factors of 336480?
2, 3, 5, 701
What are the prime factors of 10880834?
2, 5440417
List the prime factors of 1582898.
2, 53, 109, 137
List the prime factors of 385565.
5, 59, 1307
What are the prime factors of 268062?
2, 3, 43, 1039
What are the prime factors of 717649?
19, 107, 353
List the prime factors of 2497704.
2, 3, 11, 9461
What are the prime factors of 298874?
2, 29, 5153
What are the prime factors of 10505762?
2, 17, 193, 1601
List the prime factors of 1390666.
2, 29, 23977
List the prime factors of 361131.
3, 17, 73, 97
List the prime factors of 8616729.
3, 11, 31, 8423
List the prime factors of 6041005.
5, 197, 6133
What are the prime factors of 148974?
2, 3, 7, 3547
List the prime factors of 164532.
2, 3, 13711
What are the prime factors of 69214?
2, 34607
List the prime factors of 777972.
2, 3, 13, 4987
List the prime factors of 3245483.
31, 104693
List the prime factors of 16825791.
3, 5608597
What are the prime factors of 12823684?
2, 29, 227, 487
List the prime factors of 1902620.
2, 5, 95131
What are the prime factors of 1750168?
2, 7, 31253
List the prime factors of 167732.
2, 19, 2207
List the prime factors of 612740.
2, 5, 30637
List the prime factors of 232573.
11, 21143
What are the prime factors of 32153986?
2, 991, 16223
List the prime factors of 153162.
2, 3, 67, 127
List the prime factors of 8276897.
211, 39227
What are the prime factors of 219255?
3, 5, 47, 311
What are the prime factors of 2005035?
3, 5, 133669
What are the prime factors of 1593946?
2, 23, 34651
What are the prime factors of 76976?
2, 17, 283
List the prime factors of 3348801.
3, 83, 4483
What are the prime factors of 270361?
7, 13, 2971
List the prime factors of 1973887.
17, 67, 1733
List the prime factors of 271834.
2, 199, 683
List the prime factors of 651676.
2, 197, 827
List the prime factors of 3967559.
1123, 3533
List the prime factors of 21243202.
2, 10621601
List the prime factors of 1596212.
2, 41, 9733
List the prime factors of 1764649.
191, 9239
List the prime factors of 446833.
73, 6121
List the prime factors of 2361545.
5, 472309
What are the prime factors of 13415?
5, 2683
List the prime factors of 16030631.
41, 390991
What are the prime factors of 3630743?
3630743
What are the prime factors of 769441?
433, 1777
List the prime factors of 755032.
2, 94379
What are the prime factors of 289089?
3, 43, 83
List the prime factors of 483618.
2, 3, 80603
List the prime factors of 13557155.
5, 2711431
What are the prime factors of 2066457?
3, 821, 839
List the prime factors of 10179594.
2, 3, 31, 2027
List the prime factors of 1749205.
5, 349841
List the prime factors of 71031.
3, 23677
What are the prime factors of 1832801?
23, 79687
List the prime factors of 478146.
2, 3, 79691
What are the prime factors of 654489?
3, 11, 601
List the prime factors of 818137.
67, 12211
What are the prime factors of 5152157?
107, 179, 269
List the prime factors of 8295780.
2, 3, 5, 19, 383
What are the prime factors of 480429?
3, 53381
List the prime factors of 94906.
2, 7, 6779
List the prime factors of 184104.
2, 3, 2557
What are the prime factors of 34301?
34301
What are the prime factors of 1932692?
2, 103, 4691
What are the prime factors of 2809860?
2, 3, 5, 46831
What are the prime factors of 656832?
2, 3, 11, 311
What are the prime factors of 377261